 k(m) = 2*m + 6. Suppose -a + 5*o + 2 = 1, 23 = 3*a + 5*o. List the prime factors of k(a).
2, 3
Suppose 0 = -7*m + 2*m + 100. What are the prime factors of m?
2, 5
Suppose -2*y - 4 = -16. Suppose 12*s - 36 = y*s. List the prime factors of s.
2, 3
Suppose 0*x = -4*x + 956. What are the prime factors of x?
239
Suppose 7*h - 4*h - 432 = 0. What are the prime factors of h?
2, 3
Let o(r) = 2*r - 1. Suppose 4*w = -2*m - 24, -m = -4*m - 2*w - 16. Let p be o(m). Let k = 8 - p. What are the prime factors of k?
13
Let h be -14*(-1 + (-9)/(-2)). Let d = h - -19. What are the prime factors of (4/6)/((-2)/d)?
2, 5
Let f(o) = -o**3 - 2*o**2 + 53. What are the prime factors of f(0)?
53
Let h(f) = f**2 + 5*f. Let l be h(-6). Let i = 12 - l. What are the prime factors of i?
2, 3
Suppose -5*j - 118 = -3*x, -2*j + 232 - 56 = 5*x. Suppose 2*n = 1 - 7, -3*d + 4*n + x = 0. List the prime factors of d.
2
Suppose 0 = -2*i - 1 + 5. What are the prime factors of i?
2
Let z(v) = -v**2 + 9*v + 2. Let d be z(7). Suppose l - 3*l = -d. What are the prime factors of (-2)/l + 37/4?
3
List the prime factors of 2*2 + -3 + 41.
2, 3, 7
Let i(s) = 2*s**2 + 2*s + 1. Let b be i(-1). What are the prime factors of (-1)/2*(-3 - b)?
2
Let h be 8/6*3/2. Suppose -5*w = -17 + 2. Suppose h*l - 3*l = -w. List the prime factors of l.
3
Let x = 36 + -17. Suppose -214 = -5*v - x. List the prime factors of v.
3, 13
Suppose 17*p - 44 = 16*p. What are the prime factors of p?
2, 11
Let o = 17 - -53. List the prime factors of o.
2, 5, 7
Suppose 5*c - 237 = 3*d, 2*c - 22 = 4*d + 70. What are the prime factors of c?
2, 3
Let t(l) = 0 + 5*l - 2*l - 2 + 3*l**2. What are the prime factors of t(-3)?
2
Suppose -q = -4*q + 9. What are the prime factors of q?
3
Let n(j) = 2*j + 2. Let d be n(-2). Let u = d - -13. What are the prime factors of u?
11
Let v(x) = x**2 + 6*x + 3. Let z be v(-5). Let i be (z/(-6)*3)/(-1). Let n(u) = -u + 1. What are the prime factors of n(i)?
2
Suppose 3*p - 619 - 110 = 0. List the prime factors of p.
3
Suppose -2*a + 2*l = -28, -2*a + 4*l = -45 + 17. Let r = 2 + a. List the prime factors of r.
2
Let y = 8 + -3. Suppose -20 = 3*v + y*x - 7, 5*v + 4*x = 0. List the prime factors of v.
2
Suppose -2*s - 8 = 0, 3*s + s = -3*a - 4. Suppose a*c - 5*t = 79, -37 = -5*c + 3*c + 3*t. What are the prime factors of c?
2, 13
Let q be (-1)/(((-3)/48)/1). Suppose 10 = -2*w - 2. Let o = w + q. What are the prime factors of o?
2, 5
Let x(y) = -y**3 + 10*y**2 - 6*y - 2. List the prime factors of x(7).
103
Let t(r) = -6*r - 1. Let j be t(-1). Suppose j*h - 44 = -14. What are the prime factors of h?
2, 3
Let c be 4/34 - 1848/102. Let q = c + 70. What are the prime factors of q?
2, 13
Suppose 0 = -3*q + 12 + 6. Suppose 0 = 4*n + 4*a - 36, -q*n + 2*a + 10 = -4*n. What are the prime factors of n?
7
Let c(b) = -b**3 + 12*b**2 - 10*b + 12. What are the prime factors of c(11)?
23
Let x = 872 + -480. What are the prime factors of x?
2, 7
Let y(o) = -o**2 + 14*o - 13. Let x be y(10). Suppose 0 = -v + 3*q + x, v - 5 - 7 = -2*q. What are the prime factors of v?
2, 3
Let h be (1 - 2 - 0)*-17. Let g = -7 + h. List the prime factors of g.
2, 5
Let n(x) = 3*x**2 - 4*x + 5. Let b be n(5). Suppose -5*z - 5*r + b = 0, -3*z - 2*r - 2*r + 35 = 0. What are the prime factors of z?
13
Let k = 0 + 7. Suppose -3*n - k = -4*n. What are the prime factors of n?
7
Let d be 4/1 + (-1 - -2). Suppose 2 = u - 2*z + 6, 5*u - d*z = 0. Suppose 1 = c - u. What are the prime factors of c?
5
Suppose 5*i = 5*z - 105, -2*z - 4*i = -51 + 9. Suppose 6*n + 3*c - z = 4*n, -15 = -3*n + c. List the prime factors of n.
2, 3
Let k(z) = 151*z + 1. What are the prime factors of k(1)?
2, 19
Suppose -25 + 75 = 5*z. Suppose 0 = -w + z - 0. What are the prime factors of w?
2, 5
Suppose m + 3*z = -10, -2*z - z = -4*m + 20. Suppose m*a = -3*i + 16, -4*i + 5*a - 15 = i. Suppose 0*f + i*f - 12 = 0. List the prime factors of f.
2, 3
Let g(i) = 47*i**2 - 6*i - 14. Let c(d) = 16*d**2 - 2*d - 5. Let u(t) = -11*c(t) + 4*g(t). List the prime factors of u(-1).
13
Suppose 137 = 2*c + 3*w, 5*w - 41 = -c + 10. List the prime factors of c.
2, 19
Let y(c) be the third derivative of 13*c**4/24 + 3*c**2. What are the prime factors of y(1)?
13
Let h(f) be the second derivative of f**3/6 - 9*f**2/2 - 2*f. Let n be h(6). What are the prime factors of (-7 + 1)/n - -5?
7
Suppose -3*w + 99 = 2*a, w - 3*w = 2*a - 64. What are the prime factors of w?
5, 7
Let v = 4 + -1. Let b be ((-10)/(-3))/(6/261). List the prime factors of b/15 - 2/v.
3
Suppose 4*h - 4 = -4*k - 0, 2*k + 5*h + 7 = 0. Suppose u + 33 = 3*t - 119, k*t = -u + 191. What are the prime factors of t?
7
Let u(i) = -i + 9. What are the prime factors of u(-7)?
2
Suppose -2*l + 13 + 93 = 0. What are the prime factors of l?
53
Let g be (-1)/2 - 15/(-6). Let l(h) = -h - 6 + 0*h**2 - h**g + 17. List the prime factors of l(0).
11
Suppose 2*y = -3*u + 17, y + 3*u + 1 - 8 = 0. What are the prime factors of y?
2, 5
Suppose -o = 4*d - 122, 143 = o - 0*o - 3*d. List the prime factors of o.
2, 67
Suppose 0 = -3*y - 5*f + 1 + 8, 4*y + 2*f = 12. Let q = -2 + y. List the prime factors of 16/3 - q/3.
5
Let k = 9 + -5. Suppose 0 = o - 3*m - k - 8, 0 = -2*o - 5*m + 2. Suppose -2*v + o = 0, y + 3*v + 2*v - 17 = 0. What are the prime factors of y?
2
Let f be -8*(3 - (-28)/(-8)). Suppose -3*j - 2*g - 1 = -2*j, -f*g = 16. What are the prime factors of j?
7
Let q(z) = -z**3 - 5*z**2 - z + 5. Let d be q(-5). List the prime factors of -1*d*(-6)/12.
5
Let f(j) = 3*j - 3. Let p = 14 - 8. Let t = p + -3. What are the prime factors of f(t)?
2, 3
Suppose -l - 44 = 4*b - 6, -5*b - 39 = -3*l. Let s = -6 - b. What are the prime factors of s?
3
Let v(f) = 8*f**3 + 2*f**2 - f. Suppose 4*d + 15 = 3*d - 4*z, 5*z + 25 = 5*d. What are the prime factors of v(d)?
3
Let d(o) = o**3 - 2*o - 1. Let v(w) = w + 12. Let a be v(-10). Let h be d(a). Suppose -2*x + 40 = h*x. What are the prime factors of x?
2
Suppose -3*b = -9 - 6. Suppose -5*s - 5*j + 25 = -0*j, 0 = 5*j + 15. Let t = s - b. List the prime factors of t.
3
Suppose -2*r = -5*j + 9, -r + 3*r = 3*j - 7. Let f be (-54)/(-4)*2 + r. Let i = 46 - f. List the prime factors of i.
3, 7
Suppose -4*o - 20 = 3*h, -4*h + h + 3*o = 27. Let f = h - 1. List the prime factors of 12/f*9/(-2).
2, 3
Let r = 29 + 13. What are the prime factors of r?
2, 3, 7
List the prime factors of 556/(3 - 3/3).
2, 139
Suppose -l + z - 2 = 0, -z + 3 = -0. Let y be l - (2/(-2) - -28). Let p = -7 - y. What are the prime factors of p?
19
Suppose 2*i - 133 = -5*r, r = 5*i + 5*r - 290. List the prime factors of i.
2, 3
Suppose -106 = 4*f + 5*w, -56 = 2*f - 0*f + 4*w. Let u be f + 4/(4/(-3)). Let a = -18 - u. What are the prime factors of a?
3
Suppose -7*f + 3*f = -28. Suppose -3*s + 4*n + 1 = -f, -3 = -3*n. Suppose -2*z + 4 = 4*g, 0 = -2*z - 3*z - s*g + 28. What are the prime factors of z?
2
Let k(x) = x**2 + 1. Let y be k(1). Let t be y/(-3) + 2/(-6). List the prime factors of 0 + 1 + (12 - t).
2, 7
Let k(o) = -2*o. Let h be k(-2). Let f(c) be the third derivative of c**4/12 + 5*c**3/6 + 7*c**2. List the prime factors of f(h).
13
Let g = 34 - 76. Let a be g/(-2)*(-8)/(-6). Suppose 4 = -2*w, -w = 2*l - 5*w - a. What are the prime factors of l?
2, 5
Let z(o) = -o**3 - 4*o**2 - 3*o. Let x be z(-2). Let p = x - -6. Suppose 2*u = p + 16. What are the prime factors of u?
2, 5
Suppose x - 4*x = -105. List the prime factors of x.
5, 7
Let r(u) = 3*u - 1. Suppose -2*x + 16 = 4. What are the prime factors of r(x)?
17
Let c(z) = 4*z - 1. Suppose 0 = 2*y - 5*y - i + 5, 5*y + i = 11. Suppose v + v + y*b = 7, 1 = v - b. What are the prime factors of c(v)?
7
Suppose 4 = 5*b - 4*b. Suppose -b*n = -2 - 10. What are the prime factors of n?
3
Suppose 5*c + 26 = 4*p - 3*p, -36 = -4*p + 3*c. Let u(h) = 4*h - 5. What are the prime factors of u(p)?
19
List the prime factors of (-12)/6 - (-645)/3.
3, 71
Let z(t) be the first derivative of 13/2*t**2 - t + 2. List the prime factors of z(1).
2, 3
Suppose 0*f = -4*f + 288. Let k = f + -27. Let n = k - 25. List the prime factors of n.
2, 5
Let g(o) = 13*o**2 + 2. What are the prime factors of g(2)?
2, 3
Suppose 4 = 2*r - 3*w - 3, 5*w + 9 = 2*r. Suppose 2 - 94 = -4*x - r*d, -5*x = 4*d - 115. List the prime factors of